{"id":121,"date":"2011-12-07T11:00:34","date_gmt":"2011-12-07T11:00:34","guid":{"rendered":"http:\/\/psychomotorik-kurse.de\/?page_id=121"},"modified":"2023-11-08T00:40:37","modified_gmt":"2023-11-07T22:40:37","slug":"willkommen","status":"publish","type":"page","link":"http:\/\/psychomotorik-kurse.de\/","title":{"rendered":"Willkommen zu unseren Psychomotorikkursen"},"content":{"rendered":"<p>Wir begr\u00fc\u00dfen Sie herzlich auf unserer Webseite. Sie erhalten auf dieser Seite einen Einblick in die &#8222;Psychomotorik&#8220; und weitere Informationen \u00fcber die angebotenen Kurse f\u00fcr Kinder vom Krabbelalter bis 12 Jahren. Aktuell beginnen im September 2023 <a title=\"Termine\" href=\"http:\/\/psychomotorik-kurse.de\/?page_id=10\">neue Kurse<\/a>.<\/p>\n<p>Wir w\u00fcrden uns freuen Ihr Kind kennen zu lernen, es in Bewegung zu bringen und es in seiner Entwicklung zu unterst\u00fctzen.<\/p>\n<p><em>Ulrike Sucak, Dorothee Kriner-Skokanitsch, Neli Popva<\/em><\/p>\n<p>\u00a0<\/p>\n<p><a href=\"http:\/\/psychomotorik-kurse.de\/?attachment_id=362\" rel=\"attachment wp-att-362\">FleyerSchn\u00fcrrsenkel Sep 2023<\/a><\/p>\n\n\n<p> <\/p>\n","protected":false},"excerpt":{"rendered":"<p>Wir begr\u00fc\u00dfen Sie herzlich auf unserer Webseite. Sie erhalten auf dieser Seite einen Einblick in die &#8222;Psychomotorik&#8220; und weitere Informationen \u00fcber die angebotenen Kurse f\u00fcr Kinder vom Krabbelalter bis 12 Jahren. Aktuell beginnen im September 2023 neue Kurse. Wir w\u00fcrden &hellip; <a href=\"http:\/\/psychomotorik-kurse.de\/\">Weiterlesen <span class=\"meta-nav\">&rarr;<\/span><\/a><\/p>\n","protected":false},"author":1,"featured_media":165,"parent":0,"menu_order":0,"comment_status":"closed","ping_status":"closed","template":"","meta":[],"_links":{"self":[{"href":"http:\/\/psychomotorik-kurse.de\/index.php?rest_route=\/wp\/v2\/pages\/121"}],"collection":[{"href":"http:\/\/psychomotorik-kurse.de\/index.php?rest_route=\/wp\/v2\/pages"}],"about":[{"href":"http:\/\/psychomotorik-kurse.de\/index.php?rest_route=\/wp\/v2\/types\/page"}],"author":[{"embeddable":true,"href":"http:\/\/psychomotorik-kurse.de\/index.php?rest_route=\/wp\/v2\/users\/1"}],"replies":[{"embeddable":true,"href":"http:\/\/psychomotorik-kurse.de\/index.php?rest_route=%2Fwp%2Fv2%2Fcomments&post=121"}],"version-history":[{"count":32,"href":"http:\/\/psychomotorik-kurse.de\/index.php?rest_route=\/wp\/v2\/pages\/121\/revisions"}],"predecessor-version":[{"id":365,"href":"http:\/\/psychomotorik-kurse.de\/index.php?rest_route=\/wp\/v2\/pages\/121\/revisions\/365"}],"wp:featuredmedia":[{"embeddable":true,"href":"http:\/\/psychomotorik-kurse.de\/index.php?rest_route=\/wp\/v2\/media\/165"}],"wp:attachment":[{"href":"http:\/\/psychomotorik-kurse.de\/index.php?rest_route=%2Fwp%2Fv2%2Fmedia&parent=121"}],"curies":[{"name":"wp","href":"https:\/\/api.w.org\/{rel}","templated":true}]}}